hat is the greatest common factor of d and 24?
24
Let g(t) = t**2 + t - 4. Let b = -5 - -8. Suppose -6 - 3 = b*h. Let v be g(h). Calculate the highest common divisor of v and 3.
1
Suppose 5*g - 3*g + 2*a - 432 = 0, 4*g + 3*a = 864. Calculate the highest common divisor of 24 and g.
24
Let g be 48/18*39/(-2). Let n = g + 91. Let b = 151 - n. Calculate the greatest common divisor of b and 16.
16
Let d(v) = -11*v**3 - v**2 + v + 1. Let j be d(-1). Let x be 0/(-3)*(1 - 0). Suppose x = -5*y + 3*y + 160. Calculate the greatest common divisor of j and y.
10
Let b = -21 - -22. Suppose 8 + b = v. Let j(p) = 8*p**2 + p - 3. Let z be j(3). What is the highest common divisor of v and z?
9
Let i be (-270)/(-4)*(-26)/(-13). Calculate the greatest common divisor of i and 15.
15
Suppose -5*b - 2*f = -15, -6 = -2*b + 6*f - 2*f. Let w be (4 - b)*(-7 + 1). Let z = 6 - w. What is the greatest common divisor of z and 60?
12
Let k = 562 + -202. Calculate the highest common factor of k and 40.
40
Let k be ((-3)/1 + 2)*-22. Let v(t) = -24*t - 10. Let d be v(-5). Calculate the highest common divisor of k and d.
22
Suppose -7 + 46 = 3*h. Calculate the greatest common divisor of 65 and h.
13
Let t = 15 + 5. What is the greatest common factor of 20 and t?
20
Suppose 0*o = 4*m + 4*o - 72, -3*o = -m + 6. Let q be ((-11)/(-3))/(2/90). What is the greatest common divisor of m and q?
15
Let p(t) = 2*t**2 + 22*t + 1. Let g be p(-11). Calculate the highest common divisor of g and 1.
1
Suppose -5*f = 5*y - 3*y - 24, -3*f = -2*y - 8. Suppose 5 - 17 = -y*n. What is the greatest common factor of n and 4?
2
Let o(f) = -71*f + 2. Let p be o(-4). Calculate the greatest common factor of 26 and p.
26
Suppose 5*x - 3*x = 2. Suppose j - 5*c - 17 = 0, c + x = -0*c. Suppose 3*o = 4*o - 12. Calculate the highest common factor of j and o.
12
Let p(r) = 20*r**2 - 2*r - 3. Let a be p(-2). Calculate the highest common factor of a and 9.
9
Let f(v) = v**2 - 3*v + 2. Let d be f(0). Calculate the highest common divisor of 22 and d.
2
Let d be (0 - -7)/(2/4). Suppose 3*l + 33 = -2*j - 195, -100 = j + 5*l. Let m = -85 - j. Calculate the highest common factor of m and d.
7
Let l = 32 + 1. Let o be 1/(-3) - (-1331)/l. What is the greatest common factor of o and 10?
10
Let j be 16/(-104) + 5232/39. What is the highest common divisor of 67 and j?
67
Let l = 418 - 148. What is the highest common divisor of 30 and l?
30
Let k(f) = 8 - 1 + 2*f**2 + 0*f**2 + 8*f. Let r = 16 + -21. Let h be k(r). Calculate the highest common divisor of h and 17.
17
Let g(u) = -u**2 + u + 18. Let y be g(0). Suppose -4*l - 5*n + 313 = -2*l, 10 = 2*n. Calculate the greatest common divisor of l and y.
18
Let q be (-33)/2*(-8)/(-6). Let f be (-4)/q + (-815)/(-55). What is the greatest common divisor of 135 and f?
15
Let z(n) = n**2 - 2*n - 2. Let q be z(3). What is the highest common divisor of 1 and q?
1
Let q = -3 - 3. Let y be 46/3 + (-4)/q. What is the greatest common divisor of 2 and y?
2
Suppose 0 = -w + 4*k + 8, 24 = 4*w + 5*k - 8. Let f(v) = v**3 + 0*v**2 + 24 + 0*v**2 + v - v**2. Let c be f(0). Calculate the highest common divisor of c and w.
8
Let s(r) = 3*r**2 - 4*r + 8. Let o be s(2). Calculate the greatest common divisor of 3 and o.
3
Suppose -3*o + 48 = y, 0*o - o - 103 = -2*y. Calculate the greatest common divisor of y and 68.
17
Let y be 3 - 1 - (4 - 6). What is the highest common factor of y and 36?
4
Let t = 179 - 107. Let z(s) = s**2 + s + 8. Let i be z(0). What is the highest common divisor of t and i?
8
Let f = 3 + 0. Let w = 1 + f. Suppose 3*v + 36 = 4*o, o - 28 + 0 = -w*v. Calculate the highest common factor of 6 and o.
6
Let r be (-7)/(-4) - 2/(-8). Suppose r*k = -2*k + 120. Suppose -q = -2*t - 20, 3*q + 4*t = -2*q + k. Calculate the highest common factor of 50 and q.
10
Let v(d) = 2*d**2 - 1. Let i be 0 + 3 + (-2)/2. Suppose -5*a = -2*j - 23, -13 = -j - 2*j - i*a. Let h be v(j). What is the greatest common factor of 4 and h?
1
Let w be 14/(-4) - 1/2. Let o = 2 - w. What is the highest common divisor of 6 and o?
6
Suppose -3*k + 30 = -6*k. Let o be 14/35 - 416/k. What is the highest common factor of o and 28?
14
Suppose -51 = -6*f + 9. Suppose 0 = -7*r + 3*r + 160. Calculate the greatest common divisor of r and f.
10
Suppose 0 = 5*v - 4*o - 58, 0 = 2*v - 5*v + 3*o + 33. Let w = v + 1. What is the highest common factor of w and 3?
3
Suppose 3*l - 43 = -4*j, -l = 2*l + j - 31. Calculate the greatest common divisor of l and 9.
9
Let z be 1*15/(-6)*-12. Suppose 7*r - 3*r - 180 = 0. What is the highest common factor of z and r?
15
Let t(x) = 7*x - 16. Let j be t(7). Let o(l) = l**3 - 4*l**2 + 3. Let z be o(4). Calculate the greatest common factor of z and j.
3
Let s be ((-240)/(-64))/(1/(-128)*-6). Let n be 1 + (-3*2 - -1). Let f be 63/6 - (-2)/n. Calculate the highest common divisor of f and s.
10
Let m(w) = 9*w**2 + 3*w - 2. Let v be m(1). What is the highest common factor of 80 and v?
10
Let m = 15 + -22. Let l(x) = x**3 + 7*x**2 - 4*x - 7. Let a be l(m). Suppose 0 = -3*i + 24 + a. Calculate the greatest common factor of 75 and i.
15
Suppose -4*k = 3*p - 45, 2*p - p - 48 = -5*k. What is the highest common factor of 45 and k?
9
Let k be (-3)/(-18) + 332/24. Calculate the greatest common factor of k and 14.
14
Let x(l) = -11*l + 12. Let r be x(-6). What is the greatest common divisor of r and 6?
6
Let u(d) = -d**2 - 8*d + 7. Let s(q) = -q - 1. Let m = 6 + 1. Let f be s(m). Let n be u(f). What is the greatest common divisor of n and 35?
7
Let m(a) = a**2 - 3*a - 2. Let k be m(4). Let h be k + -2 - (-10)/2. Suppose h*w - 21 = 39. Calculate the greatest common divisor of 6 and w.
6
Suppose 4*u + 3*t = -8 + 22, -t + 4 = u. Suppose -7 = -u*c + 15. Calculate the greatest common divisor of c and 99.
11
Let d(w) = -w**3 + 8*w**2 - 10*w + 8. Let l be d(6). Let h be 2*5/(5/2). Calculate the highest common factor of h and l.
4
Let c(x) = -x**3 + 6*x**2 - x + 6. Let n be c(6). Let b = 6 - n. Suppose -4*d + 167 = -y, 3*d = -4*y - 15 + 145. What is the highest common divisor of d and b?
6
Let p(w) = -w + 45. Suppose -2*i = -4*i + s - 5, i - s + 5 = 0. Suppose i*z = 4*z. Let j be p(z). Calculate the greatest common divisor of 5 and j.
5
Let x be (-3)/2*(-4)/3. Suppose -x*s + 35 = 5. Calculate the greatest common factor of 15 and s.
15
Let j(x) = -x**3 + 9*x**2 - 10*x + 2. Let t be j(8). Let k be -1 + 0 + -1 - t. Calculate the greatest common factor of 60 and k.
12
Let q = 89 + -44. What is the greatest common factor of q and 9?
9
Let o = 96 - 24. What is the greatest common factor of 8 and o?
8
Suppose 3*u - 39 = -5*v, -4*u + v + 17 = -4*v. Calculate the highest common divisor of u and 2.
2
Let m be -3 + (1 - -2*31). What is the greatest common factor of m and 24?
12
Let b = 47 + -27. Let c = -1 - -1. Let k be (1 + c)*(-20)/(-2). What is the highest common divisor of b and k?
10
Let j(f) = -2*f - 28. Let v be j(-17). Let x = -2 + 1. Let i be (x/(-2))/((-2)/(-96)). What is the highest common factor of i and v?
6
Let v(x) = -2 - x + 2*x**2 + 2*x**2 - 1. Suppose -2*i - 4*f = -10, f + 11 = -3*i - 2*i. Let s be v(i). Calculate the greatest common factor of s and 12.
12
Suppose -2*u - 243 = -5*g + 13, -2*u + 108 = 2*g. Calculate the highest common factor of g and 13.
13
Let m(y) = y**2 - 10*y + 9. Let o be m(10). Calculate the highest common factor of 63 and o.
9
Suppose 3*n = 121 + 194. What is the highest common factor of n and 30?
15
Let m be 4/14 + 66/14. Let f be (-12)/4*1/(-1). Suppose 0 = -f*y - 0 + 15. Calculate the highest common divisor of y and m.
5
Let r = 3 + -2. Let i = r - -2. What is the greatest common factor of 9 and i?
3
Suppose 0*t - 14 = 3*t + 5*q, -5*q - 28 = -4*t. Let s = -7 + 10. Calculate the greatest common divisor of s and t.
1
Let n be (-18)/6*(7 - 0). Let v be (-6)/(-21) + (-372)/n. Calculate the greatest common factor of 9 and v.
9
Let g(f) = -f**2 + 6*f + 6. Let z be g(-6). Let h = z - -121. What is the greatest common divisor of h and 11?
11
Suppose -6*y = -2*y - 384. What is the greatest common divisor of y and 32?
32
Let g(b) = 2*b**2 + 7*b - 9. Let d be g(-7). What is the greatest common divisor of 5 and d?
5
Let h be (1 - -3)/(((-10)/(-23))/5). Calculate the greatest common divisor of h and 1